10 a multiple of 781?
True
Does 56 divide 24264520?
True
Does 9 divide 15232012?
False
Is 27 a factor of 285204244?
False
Does 83 divide 288711587?
False
Is 5715871 a multiple of 285?
False
Is 50 a factor of 67356000?
True
Does 4394 divide 564293713?
False
Does 40 divide 3432341?
False
Is 34051842 a multiple of 454?
False
Is 6635649 a multiple of 4?
False
Is 25 a factor of 2338947356?
False
Is 5 a factor of 220659565?
True
Is 13327281 a multiple of 552?
False
Is 770 a factor of 533922620?
True
Does 25 divide 20833678?
False
Is 15 a factor of 11300145?
True
Does 20 divide 51553055?
False
Is 311806225 a multiple of 25?
True
Is 708418012 a multiple of 373?
True
Does 4 divide 5445640?
True
Does 103 divide 12627800?
True
Is 1668 a factor of 121899108?
True
Is 783365 a multiple of 55?
True
Is 260832920 a multiple of 134?
False
Is 23 a factor of 86828811?
False
Is 129 a factor of 6785142?
True
Is 7863445 a multiple of 39?
False
Is 3508 a factor of 678538408?
True
Is 20 a factor of 15460520?
True
Does 25 divide 807391875?
True
Does 1288 divide 2674664664?
True
Does 40 divide 260131240?
True
Is 192714504 a multiple of 8?
True
Is 72 a factor of 457603234?
False
Is 61506761 a multiple of 790?
False
Is 452 a factor of 118855660?
True
Is 19 a factor of 103751652?
False
Is 7 a factor of 2374089396?
True
Is 78612980 a multiple of 218?
True
Does 11 divide 122458226?
True
Is 108 a factor of 31007364?
False
Is 122070340 a multiple of 28?
True
Does 22 divide 67847143?
False
Is 40105920 a multiple of 48?
True
Is 136 a factor of 279653675?
False
Is 7 a factor of 45785207?
False
Is 35754429 a multiple of 673?
False
Is 23476243 a multiple of 766?
False
Is 1944732 a multiple of 204?
True
Is 2514410034 a multiple of 82?
True
Is 262614547 a multiple of 36?
False
Is 49 a factor of 2971381701?
False
Is 147795594 a multiple of 1133?
False
Is 16460916 a multiple of 276?
True
Does 22 divide 66311630?
True
Is 120 a factor of 39238719?
False
Is 20955510 a multiple of 3321?
True
Is 1559 a factor of 682333766?
True
Does 89 divide 44363207?
True
Is 7 a factor of 31725540?
True
Does 6558 divide 672575364?
True
Does 119 divide 284385167?
False
Is 6 a factor of 2538924?
True
Is 79 a factor of 37828755?
True
Is 716 a factor of 31014256?
True
Does 67 divide 1355717953?
False
Is 322 a factor of 91693364?
True
Is 6 a factor of 13376064?
True
Is 315507710 a multiple of 205?
True
Is 2982624151 a multiple of 30?
False
Does 194 divide 6186107711?
False
Is 58383686 a multiple of 158?
True
Is 1042 a factor of 174710056?
True
Does 231 divide 109241979?
True
Is 3770626 a multiple of 19?
True
Is 758643726 a multiple of 514?
False
Is 16 a factor of 785881104?
True
Is 5282 a factor of 172001590?
False
Does 12 divide 2919024384?
True
Is 5451 a factor of 1360796825?
False
Is 11688860 a multiple of 261?
False
Is 100230288 a multiple of 137?
False
Is 5756325746 a multiple of 1904?
False
Does 24 divide 10415938?
False
Is 6626 a factor of 347471857?
False
Is 1153 a factor of 1946332495?
False
Is 17641952 a multiple of 298?
False
Is 23 a factor of 1330530887?
True
Does 17 divide 730841220?
True
Does 2 divide 12222819?
False
Is 327091357 a multiple of 569?
True
Is 169441487 a multiple of 30?
False
Is 7410220 a multiple of 10?
True
Is 286 a factor of 17167722?
True
Does 5 divide 343031870?
True
Is 44779346 a multiple of 543?
False
Does 33 divide 67867952?
False
Is 179 a factor of 937408459?
False
Is 1653 a factor of 656247620?
False
Does 1111 divide 94193913?
True
Is 444 a factor of 11417499?
False
Is 430031752 a multiple of 40?
False
Is 66553588 a multiple of 83?
False
Does 97 divide 8719330?
True
Is 91 a factor of 2726405?
False
Is 887528951 a multiple of 97?
True
Is 506336533 a multiple of 2076?
False
Is 3 a factor of 232421891?
False
Is 631712686 a multiple of 2?
True
Does 13 divide 1214791921?
False
Is 34 a factor of 9469897?
False
Is 910 a factor of 10264800?
True
Does 41 divide 99934712?
True
Does 1051 divide 175135114?
False
Does 41 divide 11278267?
False
Is 2330 a factor of 17237340?
True
Is 39536510 a multiple of 459?
False
Is 122 a factor of 480198187?
False
Does 3845 divide 138077795?
True
Is 1230255071 a multiple of 1685?
False
Is 2145 a factor of 961648545?
True
Is 5312468 a multiple of 1126?
True
Is 6593032 a multiple of 626?
True
Is 20 a factor of 35013470?
False
Does 248 divide 115418933?
False
Is 25 a factor of 40731525?
True
Is 68 a factor of 295300744?
True
Is 2768201920 a multiple of 4510?
True
Is 586 a factor of 24931370?
True
Is 8218 a factor of 2030634928?
True
Is 535032561 a multiple of 1267?
True
Is 1180 a factor of 173176810?
False
Does 197 divide 6551769?
False
Does 16 divide 70781914?
False
Is 83 a factor of 387361747?
True
Does 465 divide 33069846?
False
Does 16 divide 18021684?
False
Does 688 divide 148745600?
True
Does 48 divide 67868892?
False
Is 10 a factor of 2610031?
False
Is 41 a factor of 2797371408?
False
Is 213 a factor of 598527657?
True
Is 276 a factor of 3366648?
True
Is 611 a factor of 153549724?
False
Is 5 a factor of 20444406?
False
Is 324200991 a multiple of 250?
False
Is 46 a factor of 390699998?
False
Does 5 divide 55203854?
False
Is 7430658 a multiple of 11?
False
Is 60 a factor of 232961109?
False
Does 1809 divide 44723907?
True
Does 593 divide 283781336?
True
Does 8 divide 4461419?
False
Is 17814504 a multiple of 68?
True
Is 229344663 a multiple of 10?
False
Is 601830976 a multiple of 64?
True
Is 8 a factor of 3425117535?
False
Is 290 a factor of 29017980?
True
Does 7 divide 142057838?
False
Does 20 divide 11151320?
True
Is 1853 a factor of 419895845?
False
Is 106 a factor of 6132931129?
False
Does 179 divide 181040063?
True
Is 4792 a factor of 37703456?
True
Is 232 a factor of 7025355?
False
Does 320 divide 484137558?
False
Does 95 divide 646860186?
False
Is 5 a factor of 12119898?
False
Is 158961845 a multiple of 388?
False
Is 498 a factor of 1133953968?
True
Is 6400 a factor of 1646662400?
True
Is 22 a factor of 523269348?
False
Does 2767 divide 1850655377?
True
Does 14 divide 387498673?
False
Does 439 divide 3511331221?
False
Is 16 a factor of 482715633?
False
Is 5901 a factor of 1245800971?
False
Is 814298204 a multiple of 31?
True
Is 32 a factor of 95600412?
False
Is 143173175 a multiple of 26?
False
Does 94 divide 840555050?
True
Is 24 a factor of 312633604?
False
Is 1135231061 a multiple of 1906?
False
Is 162174688 a multiple of 308?
False
Does 10 divide 14632200?
True
Is 2798 a factor of 142509363?
False
Is 1079 a factor of 882520111?
False
Does 299 divide 281573084?
True
Is 123 a factor of 69703116?
True
Is 262234336 a multiple of 1456?
True
Does 743 divide 22271893?
False
Is 1473301656 a multiple of 54?
True
Is 1489090053 a multiple of 15?
False
Does 32 divide 408911488?
True
Does 4558 divide 10371648?
False
Is 50968330 a multiple of 215?
True
Does 6 divide 11407733?
False
Is 124 a factor of 220338231?
False
Does 662 divide 270762550?
False
Is 24938971 a multiple of 858?
False
Is 13 a factor of 43955587?
True
Is 363 a factor of 946622969?
False
Is 58718791 a multiple of 1590?
False
Does 396 divide 21046581?
False
Is 104388896 a multiple of 32?
True
Is 164 a factor of 2078854010?
False
Is 63 a factor of 248986584?
True
Is 491926734 a multiple of 227?
False
Is 6360567188 a multiple of 8023?
False
Is 17 a factor of 790210388?
True
Is 114525684 a multiple of 42?
True
Is 11756523 a multiple of 309?
True
Is 185924871 a multiple of 11?
True
Does 93 divide 827735979?
False
Is 349576644 a multiple of 3244?
False
Is 3816 a factor of 494184173?
False
Is 31 a factor of 62424485?
False
Is 223754041 a multiple of 1844?
False
Is 38812577 a multiple of 282?
False
Is 401245164 a multiple of 796?
False
Is 112119381 a multiple of 873?
False
Is 220 a factor of 69105047?
False
Is 635352400 a multiple of 38?
True
Is 63022272 a multiple of 16?
True
Is 1773070 a multiple of 1186?
True
Does 37 divide 7117986?
True
Does 348 divide 103063332?
True
Is 140 a factor of 1186755?
False
Is 11 a factor of 1441480469?
True
Is 2 a factor of 6834598?
True
Is 22 a factor of 19082241?
False
Is 928 a factor of 49158016?
True
Is 27070279 a multiple of 5?
False
Is 19221912 a multiple of 75?
False
Is 7 a factor of 219215383?
False
Does 46 divide 505521462?
True
Does 23 divide 5542